[INFO] fetching crate gluon 0.17.1...
[INFO] checking gluon-0.17.1 against try#72f88fc4e9458f89516a0b8b0868f3718aec5b47 for pr-74989
[INFO] extracting crate gluon 0.17.1 into /workspace/builds/worker-6/source
[INFO] validating manifest of crates.io crate gluon 0.17.1 on toolchain 72f88fc4e9458f89516a0b8b0868f3718aec5b47
[INFO] running `Command { std: "/workspace/cargo-home/bin/cargo" "+72f88fc4e9458f89516a0b8b0868f3718aec5b47" "read-manifest" "--manifest-path" "Cargo.toml", kill_on_drop: false }`
[INFO] started tweaking crates.io crate gluon 0.17.1
[INFO] removed 0 missing examples
[INFO] removed 0 missing tests
[INFO] finished tweaking crates.io crate gluon 0.17.1
[INFO] tweaked toml for crates.io crate gluon 0.17.1 written to /workspace/builds/worker-6/source/Cargo.toml
[INFO] crate crates.io crate gluon 0.17.1 already has a lockfile, it will not be regenerated
[INFO] running `Command { std: "/workspace/cargo-home/bin/cargo" "+72f88fc4e9458f89516a0b8b0868f3718aec5b47" "fetch" "--locked" "--manifest-path" "Cargo.toml", kill_on_drop: false }`
[INFO] running `Command { std: "docker" "create" "-v" "/var/lib/crater-agent-workspace/builds/worker-6/target:/opt/rustwide/target:rw,Z" "-v" "/var/lib/crater-agent-workspace/builds/worker-6/source:/opt/rustwide/workdir:ro,Z" "-v" "/var/lib/crater-agent-workspace/cargo-home:/opt/rustwide/cargo-home:ro,Z" "-v" "/var/lib/crater-agent-workspace/rustup-home:/opt/rustwide/rustup-home:ro,Z" "-e" "SOURCE_DIR=/opt/rustwide/workdir" "-e" "CARGO_TARGET_DIR=/opt/rustwide/target" "-e" "CARGO_HOME=/opt/rustwide/cargo-home" "-e" "RUSTUP_HOME=/opt/rustwide/rustup-home" "-w" "/opt/rustwide/workdir" "-m" "1610612736" "--user" "0:0" "--network" "none" "rustops/crates-build-env@sha256:d92eaeed33fa75130ca1ee6c8a01d1ffb62bac859dfdfb3450e3e5d1c0146529" "/opt/rustwide/cargo-home/bin/cargo" "+72f88fc4e9458f89516a0b8b0868f3718aec5b47" "metadata" "--no-deps" "--format-version=1", kill_on_drop: false }`
[INFO] [stderr] WARNING: Your kernel does not support swap limit capabilities or the cgroup is not mounted. Memory limited without swap.
[INFO] [stdout] f8a032a34f624d0cdd9d2caecf25f790d5a454056eff2b1f10cf02d1cf2e93ef
[INFO] running `Command { std: "docker" "start" "-a" "f8a032a34f624d0cdd9d2caecf25f790d5a454056eff2b1f10cf02d1cf2e93ef", kill_on_drop: false }`
[INFO] running `Command { std: "docker" "inspect" "f8a032a34f624d0cdd9d2caecf25f790d5a454056eff2b1f10cf02d1cf2e93ef", kill_on_drop: false }`
[INFO] running `Command { std: "docker" "rm" "-f" "f8a032a34f624d0cdd9d2caecf25f790d5a454056eff2b1f10cf02d1cf2e93ef", kill_on_drop: false }`
[INFO] [stdout] f8a032a34f624d0cdd9d2caecf25f790d5a454056eff2b1f10cf02d1cf2e93ef
[INFO] running `Command { std: "docker" "create" "-v" "/var/lib/crater-agent-workspace/builds/worker-6/target:/opt/rustwide/target:rw,Z" "-v" "/var/lib/crater-agent-workspace/builds/worker-6/source:/opt/rustwide/workdir:ro,Z" "-v" "/var/lib/crater-agent-workspace/cargo-home:/opt/rustwide/cargo-home:ro,Z" "-v" "/var/lib/crater-agent-workspace/rustup-home:/opt/rustwide/rustup-home:ro,Z" "-e" "SOURCE_DIR=/opt/rustwide/workdir" "-e" "CARGO_TARGET_DIR=/opt/rustwide/target" "-e" "CARGO_INCREMENTAL=0" "-e" "RUST_BACKTRACE=full" "-e" "RUSTFLAGS=--cap-lints=forbid" "-e" "CARGO_HOME=/opt/rustwide/cargo-home" "-e" "RUSTUP_HOME=/opt/rustwide/rustup-home" "-w" "/opt/rustwide/workdir" "-m" "1610612736" "--user" "0:0" "--network" "none" "rustops/crates-build-env@sha256:d92eaeed33fa75130ca1ee6c8a01d1ffb62bac859dfdfb3450e3e5d1c0146529" "/opt/rustwide/cargo-home/bin/cargo" "+72f88fc4e9458f89516a0b8b0868f3718aec5b47" "check" "--frozen" "--all" "--all-targets" "--message-format=json", kill_on_drop: false }`
[INFO] [stdout] dbd382e67e38b7625308efcb9dae18c6b855a7c5f360c4e5cfb42481dc6ed168
[INFO] [stderr] WARNING: Your kernel does not support swap limit capabilities or the cgroup is not mounted. Memory limited without swap.
[INFO] running `Command { std: "docker" "start" "-a" "dbd382e67e38b7625308efcb9dae18c6b855a7c5f360c4e5cfb42481dc6ed168", kill_on_drop: false }`
[INFO] [stderr]    Compiling unicode-xid v0.2.1
[INFO] [stderr]    Compiling syn v1.0.38
[INFO] [stderr]    Compiling autocfg v1.0.0
[INFO] [stderr]    Compiling memchr v2.3.3
[INFO] [stderr]     Checking cfg-if v0.1.10
[INFO] [stderr]    Compiling log v0.4.11
[INFO] [stderr]    Compiling serde v1.0.114
[INFO] [stderr]     Checking lazy_static v1.4.0
[INFO] [stderr]    Compiling bitflags v1.2.1
[INFO] [stderr]     Checking unicode-width v0.1.8
[INFO] [stderr]     Checking termcolor v1.1.0
[INFO] [stderr]     Checking ahash v0.3.8
[INFO] [stderr]     Checking vec_map v0.8.2
[INFO] [stderr]     Checking smallvec v1.4.1
[INFO] [stderr]     Checking quick-error v1.2.3
[INFO] [stderr]     Checking fnv v1.0.7
[INFO] [stderr]     Checking once_cell v1.4.0
[INFO] [stderr]    Compiling getrandom v0.1.14
[INFO] [stderr]     Checking arrayvec v0.5.1
[INFO] [stderr]     Checking typed-arena v2.0.1
[INFO] [stderr]     Checking collect-mac v0.1.0
[INFO] [stderr]    Compiling ryu v1.0.5
[INFO] [stderr]    Compiling serde_json v1.0.57
[INFO] [stderr]     Checking ansi_term v0.11.0
[INFO] [stderr]    Compiling lalrpop-util v0.19.0
[INFO] [stderr]     Checking ppv-lite86 v0.2.8
[INFO] [stderr]     Checking regex-syntax v0.6.18
[INFO] [stderr]    Compiling pulldown-cmark v0.7.2
[INFO] [stderr]    Compiling anyhow v1.0.32
[INFO] [stderr]     Checking difference v2.0.0
[INFO] [stderr]     Checking remove_dir_all v0.5.3
[INFO] [stderr]     Checking itertools v0.9.0
[INFO] [stderr]    Compiling unicase v2.6.0
[INFO] [stderr]     Checking thread_local v1.0.1
[INFO] [stderr]     Checking textwrap v0.11.0
[INFO] [stderr]     Checking getopts v0.2.21
[INFO] [stderr]     Checking humantime v1.3.0
[INFO] [stderr]     Checking futures-task v0.3.5
[INFO] [stderr]     Checking codespan-reporting v0.9.5
[INFO] [stderr]     Checking yaml-rust v0.4.4
[INFO] [stderr]     Checking pretty v0.10.0
[INFO] [stderr]    Compiling proc-macro2 v1.0.19
[INFO] [stderr]     Checking byteorder v1.3.4
[INFO] [stderr]     Checking pretty_assertions v0.6.1
[INFO] [stderr]    Compiling hashbrown v0.8.2
[INFO] [stderr]    Compiling num-traits v0.2.12
[INFO] [stderr]    Compiling indexmap v1.5.1
[INFO] [stderr]    Compiling crossbeam-utils v0.7.2
[INFO] [stderr]    Compiling memoffset v0.5.5
[INFO] [stderr]    Compiling crossbeam-epoch v0.8.2
[INFO] [stderr]    Compiling rayon v1.3.1
[INFO] [stderr]     Checking parking_lot_core v0.8.0
[INFO] [stderr]     Checking terminal_size v0.1.13
[INFO] [stderr]     Checking termios v0.3.2
[INFO] [stderr]     Checking regex-automata v0.1.9
[INFO] [stderr]    Compiling ena v0.14.0
[INFO] [stderr]    Compiling term v0.5.2
[INFO] [stderr]     Checking codespan v0.9.5
[INFO] [stderr]     Checking clap v2.33.2
[INFO] [stderr]     Checking console v0.11.3
[INFO] [stderr]    Compiling quote v1.0.7
[INFO] [stderr]     Checking rand_core v0.5.1
[INFO] [stderr]     Checking parking_lot v0.11.0
[INFO] [stderr]     Checking aho-corasick v0.7.13
[INFO] [stderr]     Checking csv-core v0.1.10
[INFO] [stderr]     Checking criterion-plot v0.4.3
[INFO] [stderr]    Compiling ascii-canvas v2.0.0
[INFO] [stderr]     Checking rand_chacha v0.2.2
[INFO] [stderr]     Checking rand_xorshift v0.2.0
[INFO] [stderr]     Checking crossbeam-queue v0.2.3
[INFO] [stderr]    Compiling proc-macro-error-attr v1.0.4
[INFO] [stderr]     Checking rand v0.7.3
[INFO] [stderr]     Checking crossbeam-deque v0.7.3
[INFO] [stderr]    Compiling petgraph v0.5.1
[INFO] [stderr]     Checking rayon-core v1.7.1
[INFO] [stderr]     Checking ordered-float v2.0.0
[INFO] [stderr]     Checking plotters v0.2.15
[INFO] [stderr]    Compiling regex v1.3.9
[INFO] [stderr]     Checking tempfile v3.1.0
[INFO] [stderr]     Checking env_logger v0.7.1
[INFO] [stderr]    Compiling proc-macro-error v1.0.4
[INFO] [stderr]    Compiling proc-macro-error v0.2.6
[INFO] [stderr]    Compiling serde_derive v1.0.114
[INFO] [stderr]    Compiling gluon_codegen v0.17.1
[INFO] [stderr]    Compiling pin-project-internal v0.4.23
[INFO] [stderr]    Compiling futures-macro v0.3.5
[INFO] [stderr]    Compiling tokio-macros v0.2.5
[INFO] [stderr]    Compiling async-trait v0.1.36
[INFO] [stderr]    Compiling structopt-derive v0.4.9
[INFO] [stderr]    Compiling gluon-salsa-macros v0.15.2
[INFO] [stderr]    Compiling structopt-derive v0.3.5
[INFO] [stderr]    Compiling thiserror-impl v1.0.20
[INFO] [stderr]    Compiling serde_derive_state v0.4.9
[INFO] [stderr]     Checking tokio v0.2.22
[INFO] [stderr]     Checking thiserror v1.0.20
[INFO] [stderr]     Checking gluon_base v0.17.1
[INFO] [stderr]     Checking structopt v0.3.16
[INFO] [stderr]     Checking pin-project v0.4.23
[INFO] [stderr]     Checking futures-util v0.3.5
[INFO] [stderr]     Checking futures-executor v0.3.5
[INFO] [stderr]     Checking gluon-salsa v0.15.2
[INFO] [stderr]     Checking gluon_check v0.17.1
[INFO] [stderr]     Checking gluon_format v0.17.1
[INFO] [stderr]     Checking gluon_completion v0.17.1
[INFO] [stderr]     Checking futures v0.3.5
[INFO] [stderr]     Checking tensile v0.6.3
[INFO] [stderr]    Compiling gluon v0.17.1 (/opt/rustwide/workdir)
[INFO] [stderr]     Checking gluon_vm v0.17.1
[INFO] [stderr]     Checking bstr v0.2.13
[INFO] [stderr]     Checking serde_yaml v0.8.13
[INFO] [stderr]     Checking serde_cbor v0.11.1
[INFO] [stderr]     Checking bincode v1.3.1
[INFO] [stderr]     Checking csv v1.1.3
[INFO] [stderr]    Compiling string_cache v0.8.0
[INFO] [stderr]    Compiling docopt v1.1.0
[INFO] [stderr]     Checking tinytemplate v1.1.0
[INFO] [stderr]     Checking insta v0.16.1
[INFO] [stderr]     Checking criterion v0.3.3
[INFO] [stderr]    Compiling lalrpop v0.19.0
[INFO] [stderr]    Compiling gluon_parser v0.17.1
[INFO] [stdout] error[E0432]: unresolved import `gluon::compiler_pipeline::compile_to`
[INFO] [stdout]  --> benches/precompiled.rs:8:13
[INFO] [stdout]   |
[INFO] [stdout] 8 | use gluon::{compiler_pipeline::compile_to, new_vm, ThreadExt};
[INFO] [stdout]   |             ^^^^^^^^^^^^^^^^^^^^^^^^^^^^^ no `compile_to` in `compiler_pipeline`
[INFO] [stdout] 
[INFO] [stdout] 
[INFO] [stdout] error[E0432]: unresolved import `gluon::compiler_pipeline::Precompiled`
[INFO] [stdout]   --> benches/precompiled.rs:35:52
[INFO] [stdout]    |
[INFO] [stdout] 35 |         use gluon::compiler_pipeline::{Executable, Precompiled};
[INFO] [stdout]    |                                                    ^^^^^^^^^^^ no `Precompiled` in `compiler_pipeline`
[INFO] [stdout] 
[INFO] [stdout] 
[INFO] [stdout] warning: unused import: `Executable`
[INFO] [stdout]   --> benches/precompiled.rs:35:40
[INFO] [stdout]    |
[INFO] [stdout] 35 |         use gluon::compiler_pipeline::{Executable, Precompiled};
[INFO] [stdout]    |                                        ^^^^^^^^^^
[INFO] [stdout]    |
[INFO] [stdout]    = note: `#[warn(unused_imports)]` on by default
[INFO] [stdout] 
[INFO] [stdout] 
[INFO] [stdout] error: aborting due to 2 previous errors; 1 warning emitted
[INFO] [stdout] 
[INFO] [stdout] 
[INFO] [stdout] For more information about this error, try `rustc --explain E0432`.
[INFO] [stdout] 
[INFO] [stderr] error: could not compile `gluon`.
[INFO] [stderr] 
[INFO] [stderr] To learn more, run the command again with --verbose.
[INFO] [stderr] warning: build failed, waiting for other jobs to finish...
[INFO] [stdout] error[E0432]: unresolved import `gluon::vm::api::de`
[INFO] [stdout]   --> tests/api.rs:19:13
[INFO] [stdout]    |
[INFO] [stdout] 19 |             de::De,
[INFO] [stdout]    |             ^^ could not find `de` in `api`
[INFO] [stdout] 
[INFO] [stdout] 
[INFO] [stdout] error[E0433]: failed to resolve: could not find `typ` in `api`
[INFO] [stdout]    --> tests/api.rs:319:47
[INFO] [stdout]     |
[INFO] [stdout] 319 |             let (name, typ) = gluon::vm::api::typ::from_rust::<Self>(vm).unwrap();
[INFO] [stdout]     |                                               ^^^ could not find `typ` in `api`
[INFO] [stdout] 
[INFO] [stdout] 
[INFO] [stdout] error: aborting due to 2 previous errors
[INFO] [stdout] 
[INFO] [stdout] 
[INFO] [stdout] Some errors have detailed explanations: E0432, E0433.
[INFO] [stdout] 
[INFO] [stdout] For more information about an error, try `rustc --explain E0432`.
[INFO] [stdout] 
[INFO] [stderr] error: build failed
[INFO] running `Command { std: "docker" "inspect" "dbd382e67e38b7625308efcb9dae18c6b855a7c5f360c4e5cfb42481dc6ed168", kill_on_drop: false }`
[INFO] running `Command { std: "docker" "rm" "-f" "dbd382e67e38b7625308efcb9dae18c6b855a7c5f360c4e5cfb42481dc6ed168", kill_on_drop: false }`
[INFO] [stdout] dbd382e67e38b7625308efcb9dae18c6b855a7c5f360c4e5cfb42481dc6ed168
